{"id":198,"date":"2022-01-22T00:45:44","date_gmt":"2022-01-22T00:45:44","guid":{"rendered":"https:\/\/www.auritus.de\/?page_id=198"},"modified":"2022-01-27T13:22:28","modified_gmt":"2022-01-27T13:22:28","slug":"leistungen","status":"publish","type":"page","link":"https:\/\/www.auritus.de\/?page_id=198","title":{"rendered":"Leistungen"},"content":{"rendered":"<div data-colibri-id=\"198-c1\" class=\"style-263 style-local-198-c1 position-relative\">\n  <!---->\n  <div data-colibri-component=\"section\" data-colibri-id=\"198-c2\" id=\"features\" class=\"h-section h-section-global-spacing d-flex align-items-lg-center align-items-md-center align-items-center style-264 style-local-198-c2 position-relative\">\n    <!---->\n    <!---->\n    <div class=\"h-section-grid-container h-section-boxed-container\">\n      <div data-colibri-id=\"198-c33\" class=\"h-row-container gutters-row-lg-2 gutters-row-md-2 gutters-row-0 gutters-row-v-lg-2 gutters-row-v-md-2 gutters-row-v-2 style-272 style-local-198-c33 position-relative\">\n        <!---->\n        <div class=\"h-row justify-content-lg-center justify-content-md-center justify-content-center align-items-lg-stretch align-items-md-stretch align-items-stretch gutters-col-lg-2 gutters-col-md-2 gutters-col-0 gutters-col-v-lg-2 gutters-col-v-md-2 gutters-col-v-2\">\n          <!---->\n          <div class=\"h-column h-column-container d-flex h-col-lg-auto h-col-md-auto h-col-auto style-273-outer style-local-198-c34-outer\">\n            <div data-colibri-id=\"198-c34\" class=\"d-flex h-flex-basis h-column__inner h-px-lg-2 h-px-md-2 h-px-2 v-inner-lg-2 v-inner-md-2 v-inner-2 style-273 style-local-198-c34 position-relative\">\n              <!---->\n              <!---->\n              <div class=\"w-100 h-y-container h-column__content h-column__v-align flex-basis-100 align-self-lg-start align-self-md-start align-self-start\">\n                <!---->\n                <div data-colibri-id=\"198-c35\" class=\"h-global-transition-all h-heading style-274 style-local-198-c35 position-relative h-element\">\n                  <!---->\n                  <div class=\"h-heading__outer style-274 style-local-198-c35\">\n                    <!---->\n                    <!---->\n                    <h2 class=\"\">Ein paar Dinge, die wir ganz prima k\u00f6nnen<\/h2>\n                  <\/div>\n                <\/div>\n                <div data-colibri-id=\"198-c36\" class=\"h-lead h-text h-text-component style-275 style-local-198-c36 position-relative h-element\">\n                  <!---->\n                  <!---->\n                  <div class=\"\">\n                    <p>Hier sehen Sie einen kleinen \u00dcberblick unserer Leistungen. F\u00fcr weitere Informationen klicken Sie auf die Buttons oder rufen Sie uns einfach an. Wir kommen gerne bei Ihnen vorbei!\n                      <br>\n                    <\/p>\n                  <\/div>\n                <\/div>\n              <\/div>\n            <\/div>\n          <\/div>\n        <\/div>\n      <\/div>\n      <div data-colibri-id=\"198-c3\" class=\"h-row-container gutters-row-lg-2 gutters-row-md-2 gutters-row-2 gutters-row-v-lg-2 gutters-row-v-md-2 gutters-row-v-2 style-265 style-local-198-c3 position-relative\">\n        <!---->\n        <div class=\"h-row justify-content-lg-center justify-content-md-center justify-content-center align-items-lg-stretch align-items-md-stretch align-items-stretch gutters-col-lg-2 gutters-col-md-2 gutters-col-2 gutters-col-v-lg-2 gutters-col-v-md-2 gutters-col-v-2\">\n          <!---->\n          <div class=\"h-column h-column-container d-flex h-col-lg-3 h-col-md-6 h-col-12 style-266-outer style-local-198-c4-outer\">\n            <div data-colibri-id=\"198-c4\" class=\"d-flex h-flex-basis h-column__inner h-px-lg-3 h-px-md-3 h-px-2 v-inner-lg-3 v-inner-md-3 v-inner-2 style-266 style-local-198-c4 position-relative\">\n              <!---->\n              <!---->\n              <div class=\"w-100 h-y-container h-column__content h-column__v-align flex-basis-100 align-self-lg-start align-self-md-start align-self-start\">\n                <!---->\n                <div data-colibri-id=\"198-c5\" class=\"h-icon style-267 style-local-198-c5 position-relative h-element\">\n                  <!---->\n                  <a href=\"https:\/\/www.auritus.de\/?page_id=258\" h-use-smooth-scroll=\"true\"><span class=\"h-svg-icon h-icon__icon style-267-icon style-local-198-c5-icon\"><!--Icon by Font Awesome (https:\/\/fontawesome.com)--><svg version=\"1.1\" xmlns=\"http:\/\/www.w3.org\/2000\/svg\" xmlns:xlink=\"http:\/\/www.w3.org\/1999\/xlink\" id=\"connectdevelop\" viewBox=\"0 0 2048 1896.0833\"><path d=\"M2048 895q0 21-13 36.5t-33 19.5l-205 356q3 9 3 18 0 20-12.5 35.5T1755 1380l-193 337q3 8 3 16 0 23-16.5 40t-40.5 17q-25 0-41-18h-400q-17 20-43 20t-43-20H582q-17 20-43 20-23 0-40-16.5t-17-40.5q0-8 4-20l-193-335q-20-4-32.5-19.5T248 1325q0-9 3-18L45 951q-20-5-32.5-20.5T0 895q0-21 13.5-36.5T47 839l199-344q0-1-.5-3t-.5-3q0-36 34-51L488 75q-4-10-4-18 0-24 17-40.5T541 0q26 0 44 21h396q16-21 43-21t43 21h398q18-21 44-21 23 0 40 16.5t17 40.5q0 6-4 18l207 358q23 1 39 17.5t16 38.5q0 13-7 27l187 324q19 4 31.5 19.5T2048 895zm-985 799h389l-342-354H967l-342 354h360q18-16 39-16t39 16zM112 882q1 4 1 13 0 10-2 15l208 360 15 6 188-199V730L335 536q-13 8-29 10zM986 98H598l190 200 554-200h-280q-16 16-38 16t-38-16zm703 1212q1-6 5-11l-64-68-17 79h76zm-106 0l22-105-252-266-296 307 63 64h463zm-88 368l16-28 65-310h-427l333 343q8-4 13-5zm-917 16h5l342-354H552v335l4 6q14 5 22 13zm-26-384h402l64-66-309-321-157 166v221zm-193 0h163v-189l-168 177q4 8 5 12zm-1-825q0 1 .5 2t.5 2q0 16-8 29l171 177V426zm194-70v311l153 157 297-314-223-236zm4-304l-4 8v264l205-74-191-201q-6 2-10 3zm891-13h-16L810 322l213 225zm-424 492L726 905l311 319 296-307zM688 902L552 761v284zm350 364l-42 44h85zm336-348l238 251 132-624-3-5-1-1zm344-400q-8-13-8-29v-2l-216-376q-5-1-13-5l-437 463 310 327zM522 394V171L359 453zm0 946H359l163 283v-283zm1085 0l-48 227 130-227h-82zm122-70l207-361q-2-10-2-14 0-1 3-16l-171-296-129 612 77 82q5-3 15-7z\"><\/path><\/svg><\/span><\/a>\n                <\/div>\n                <div data-colibri-id=\"198-c6\" class=\"h-global-transition-all h-heading style-268 style-local-198-c6 position-relative h-element\">\n                  <!---->\n                  <div class=\"h-heading__outer style-268 style-local-198-c6\">\n                    <!---->\n                    <!---->\n                    <a href=\"https:\/\/www.auritus.de\/?page_id=258\" h-use-smooth-scroll=\"true\">\n                      <h4 class=\"\">Team Spirit &amp; Netzwerk<\/h4>\n                    <\/a>\n                  <\/div>\n                <\/div>\n                <div data-colibri-id=\"198-c7\" class=\"h-text h-text-component style-269 style-local-198-c7 position-relative h-element\">\n                  <!---->\n                  <!---->\n                  <div class=\"\">\n                    <p>Mit uns m\u00fcssen Sie nicht mehr alles alleine entscheiden. Wir helfen Ihnen und bringen Sie auch mit den richtigen Leuten zusammen. Sie werden besser und schneller.\n                      <br>\n                    <\/p>\n                  <\/div>\n                <\/div>\n              <\/div>\n            <\/div>\n          <\/div>\n          <div class=\"h-column h-column-container d-flex h-col-lg-3 h-col-md-6 h-col-12 style-266-outer style-local-198-c8-outer\">\n            <div data-colibri-id=\"198-c8\" class=\"d-flex h-flex-basis h-column__inner h-px-lg-3 h-px-md-3 h-px-2 v-inner-lg-3 v-inner-md-3 v-inner-2 style-266 style-local-198-c8 position-relative\">\n              <!---->\n              <!---->\n              <div class=\"w-100 h-y-container h-column__content h-column__v-align flex-basis-100 align-self-lg-start align-self-md-start align-self-start\">\n                <!---->\n                <div data-colibri-id=\"198-c9\" class=\"h-icon style-267 style-local-198-c9 position-relative h-element\">\n                  <!---->\n                  <a href=\"https:\/\/www.auritus.de\/?page_id=2\" h-use-smooth-scroll=\"true\"><span class=\"h-svg-icon h-icon__icon style-267-icon style-local-198-c9-icon\"><!--Icon by Font Awesome (https:\/\/fontawesome.com)--><svg version=\"1.1\" xmlns=\"http:\/\/www.w3.org\/2000\/svg\" xmlns:xlink=\"http:\/\/www.w3.org\/1999\/xlink\" id=\"lightbulb-o\" viewBox=\"0 0 1085.3815 1896.0833\"><path d=\"M736 576q0 13-9.5 22.5T704 608t-22.5-9.5T672 576q0-46-54-71t-106-25q-13 0-22.5-9.5T480 448t9.5-22.5T512 416q50 0 99.5 16t87 54 37.5 90zm160 0q0-72-34.5-134t-90-101.5-123-62T512 256t-136.5 22.5-123 62-90 101.5T128 576q0 101 68 180 10 11 30.5 33t30.5 33q128 153 141 298h228q13-145 141-298 10-11 30.5-33t30.5-33q68-79 68-180zm128 0q0 155-103 268-45 49-74.5 87t-59.5 95.5-34 107.5q47 28 47 82 0 37-25 64 25 27 25 64 0 52-45 81 13 23 13 47 0 46-31.5 71t-77.5 25q-20 44-60 70t-87 26-87-26-60-70q-46 0-77.5-25t-31.5-71q0-24 13-47-45-29-45-81 0-37 25-64-25-27-25-64 0-54 47-82-4-50-34-107.5T177.5 931 103 844Q0 731 0 576q0-99 44.5-184.5t117-142 164-89T512 128t186.5 32.5 164 89 117 142T1024 576z\"><\/path><\/svg><\/span><\/a>\n                <\/div>\n                <div data-colibri-id=\"198-c10\" class=\"h-global-transition-all h-heading style-268 style-local-198-c10 position-relative h-element\">\n                  <!---->\n                  <div class=\"h-heading__outer style-268 style-local-198-c10\">\n                    <!---->\n                    <!---->\n                    <a href=\"https:\/\/www.auritus.de\/?page_id=2\" h-use-smooth-scroll=\"true\">\n                      <h4 class=\"\">beratung &amp; Coaching<\/h4>\n                    <\/a>\n                  <\/div>\n                <\/div>\n                <div data-colibri-id=\"198-c11\" class=\"h-text h-text-component style-269 style-local-198-c11 position-relative h-element\">\n                  <!---->\n                  <!---->\n                  <div class=\"\">\n                    <p>Wir beraten, helfen und coachen.&nbsp; Organisationen, Menschen, Technologie.\n                      <br>Wir k\u00f6nnen das und&nbsp;Sie k\u00f6nnen es mit uns auch. Auch F\u00f6rdergelder k\u00f6nnen genutzt werden.\n                      <br>\n                    <\/p>\n                  <\/div>\n                <\/div>\n              <\/div>\n            <\/div>\n          <\/div>\n          <div class=\"h-column h-column-container d-flex h-col-lg-3 h-col-md-6 h-col-12 style-266-outer style-local-198-c12-outer\">\n            <div data-colibri-id=\"198-c12\" class=\"d-flex h-flex-basis h-column__inner h-px-lg-3 h-px-md-3 h-px-2 v-inner-lg-3 v-inner-md-3 v-inner-2 style-266 style-local-198-c12 position-relative\">\n              <!---->\n              <!---->\n              <div class=\"w-100 h-y-container h-column__content h-column__v-align flex-basis-100 align-self-lg-start align-self-md-start align-self-start\">\n                <!---->\n                <div data-colibri-id=\"198-c13\" class=\"h-icon style-267 style-local-198-c13 position-relative h-element\">\n                  <!----><span class=\"h-svg-icon h-icon__icon style-267-icon style-local-198-c13-icon\"><!--Icon by Font Awesome (https:\/\/fontawesome.com)--><svg version=\"1.1\" xmlns=\"http:\/\/www.w3.org\/2000\/svg\" xmlns:xlink=\"http:\/\/www.w3.org\/1999\/xlink\" id=\"magic\" viewBox=\"0 0 1664 1896.0833\"><path d=\"M1190 581l293-293-107-107-293 293zm447-293q0 27-18 45L333 1619q-18 18-45 18t-45-18L45 1421q-18-18-18-45t18-45L1331 45q18-18 45-18t45 18l198 198q18 18 18 45zM286 98l98 30-98 30-30 98-30-98-98-30 98-30 30-98zm350 162l196 60-196 60-60 196-60-196-196-60 196-60 60-196zm930 478l98 30-98 30-30 98-30-98-98-30 98-30 30-98zM926 98l98 30-98 30-30 98-30-98-98-30 98-30 30-98z\"><\/path><\/svg><\/span><\/div>\n                <div\n                  data-colibri-id=\"198-c14\" class=\"h-global-transition-all h-heading style-268 style-local-198-c14 position-relative h-element\">\n                  <!---->\n                  <div class=\"h-heading__outer style-268 style-local-198-c14\">\n                    <!---->\n                    <!---->\n                    <h4 class=\"\">Innovation Vorantreiben<\/h4>\n                  <\/div>\n              <\/div>\n              <div data-colibri-id=\"198-c15\" class=\"h-text h-text-component style-269 style-local-198-c15 position-relative h-element\">\n                <!---->\n                <!---->\n                <div class=\"\">\n                  <p>Neue Produkte entwickeln oder neue M\u00e4rkte erschlie\u00dfen. Wir wissen, wie man das richtig macht und helfen Ihnen, es zu schaffen. Sie kommen schneller zum Erfolg und vermeiden Fehler.\n                    <br>\n                  <\/p>\n                <\/div>\n              <\/div>\n            <\/div>\n          <\/div>\n        <\/div>\n        <div class=\"h-column h-column-container d-flex h-col-lg-3 h-col-md-6 h-col-12 style-266-outer style-local-198-c16-outer\">\n          <div data-colibri-id=\"198-c16\" class=\"d-flex h-flex-basis h-column__inner h-px-lg-3 h-px-md-3 h-px-2 v-inner-lg-3 v-inner-md-3 v-inner-2 style-266 style-local-198-c16 position-relative\">\n            <!---->\n            <!---->\n            <div class=\"w-100 h-y-container h-column__content h-column__v-align flex-basis-100 align-self-lg-start align-self-md-start align-self-start\">\n              <!---->\n              <div data-colibri-id=\"198-c17\" class=\"h-icon style-267 style-local-198-c17 position-relative h-element\">\n                <!----><span class=\"h-svg-icon h-icon__icon style-267-icon style-local-198-c17-icon\"><!--Icon by Font Awesome (https:\/\/fontawesome.com)--><svg version=\"1.1\" xmlns=\"http:\/\/www.w3.org\/2000\/svg\" xmlns:xlink=\"http:\/\/www.w3.org\/1999\/xlink\" id=\"keyboard-o\" viewBox=\"0 0 1920 1896.0833\"><path d=\"M384 1168v96q0 16-16 16h-96q-16 0-16-16v-96q0-16 16-16h96q16 0 16 16zm128-256v96q0 16-16 16H272q-16 0-16-16v-96q0-16 16-16h224q16 0 16 16zM384 656v96q0 16-16 16h-96q-16 0-16-16v-96q0-16 16-16h96q16 0 16 16zm1024 512v96q0 16-16 16H528q-16 0-16-16v-96q0-16 16-16h864q16 0 16 16zM768 912v96q0 16-16 16h-96q-16 0-16-16v-96q0-16 16-16h96q16 0 16 16zM640 656v96q0 16-16 16h-96q-16 0-16-16v-96q0-16 16-16h96q16 0 16 16zm384 256v96q0 16-16 16h-96q-16 0-16-16v-96q0-16 16-16h96q16 0 16 16zM896 656v96q0 16-16 16h-96q-16 0-16-16v-96q0-16 16-16h96q16 0 16 16zm384 256v96q0 16-16 16h-96q-16 0-16-16v-96q0-16 16-16h96q16 0 16 16zm384 256v96q0 16-16 16h-96q-16 0-16-16v-96q0-16 16-16h96q16 0 16 16zm-512-512v96q0 16-16 16h-96q-16 0-16-16v-96q0-16 16-16h96q16 0 16 16zm256 0v96q0 16-16 16h-96q-16 0-16-16v-96q0-16 16-16h96q16 0 16 16zm256 0v352q0 16-16 16h-224q-16 0-16-16v-96q0-16 16-16h112V656q0-16 16-16h96q16 0 16 16zm128 752V512H128v896h1664zm128-896v896q0 53-37.5 90.5T1792 1536H128q-53 0-90.5-37.5T0 1408V512q0-53 37.5-90.5T128 384h1664q53 0 90.5 37.5T1920 512z\"><\/path><\/svg><\/span><\/div>\n              <div\n                data-colibri-id=\"198-c18\" class=\"h-global-transition-all h-heading style-268 style-local-198-c18 position-relative h-element\">\n                <!---->\n                <div class=\"h-heading__outer style-268 style-local-198-c18\">\n                  <!---->\n                  <!---->\n                  <h4 class=\"\">Computer besser nutzen!<\/h4>\n                <\/div>\n            <\/div>\n            <div data-colibri-id=\"198-c19\" class=\"h-text h-text-component style-269 style-local-198-c19 position-relative h-element\">\n              <!---->\n              <!---->\n              <div class=\"\">\n                <p>Jeder hat IT Probleme. Wir zeigen Ihnen die passenden L\u00f6sungen. Digitalisierung im Mittelstand ist mit uns mehr als ein Modewort und wir zeigen Ihnen, wie KI auch Ihnen helfen kann.\n                  <br>Auf geht&#8217;s !\n                  <br>\n                <\/p>\n              <\/div>\n            <\/div>\n          <\/div>\n        <\/div>\n      <\/div>\n    <\/div>\n  <\/div>\n  <div data-colibri-id=\"198-c20\" class=\"h-row-container gutters-row-lg-2 gutters-row-md-2 gutters-row-0 gutters-row-v-lg-2 gutters-row-v-md-2 gutters-row-v-2 style-351 style-local-198-c20 position-relative\">\n    <!---->\n    <div class=\"h-row justify-content-lg-center justify-content-md-center justify-content-center align-items-lg-stretch align-items-md-stretch align-items-stretch gutters-col-lg-2 gutters-col-md-2 gutters-col-0 gutters-col-v-lg-2 gutters-col-v-md-2 gutters-col-v-2\">\n      <!---->\n      <div class=\"h-column h-column-container d-flex h-col-lg-auto h-col-md-auto h-col-auto style-352-outer style-local-198-c21-outer\">\n        <div data-colibri-id=\"198-c21\" class=\"d-flex h-flex-basis h-column__inner h-px-lg-2 h-px-md-2 h-px-2 v-inner-lg-2 v-inner-md-2 v-inner-2 style-352 style-local-198-c21 position-relative\">\n          <!---->\n          <!---->\n          <div class=\"w-100 h-y-container h-column__content h-column__v-align flex-basis-100 align-self-lg-start align-self-md-start align-self-start\">\n            <!---->\n            <div data-colibri-id=\"198-c22\" class=\"h-x-container style-270 style-local-198-c22 position-relative h-element\">\n              <!---->\n              <div class=\"h-x-container-inner style-dynamic-198-c22-group style-270-spacing style-local-198-c22-spacing\"><span class=\"h-button__outer style-271-outer style-local-198-c23-outer d-inline-flex h-element\"><a h-use-smooth-scroll=\"true\" href=\"https:\/\/www.auritus.de\/?page_id=258\"  data-colibri-id=\"198-c23\" class=\"d-flex w-100 align-items-center h-button justify-content-lg-center justify-content-md-center justify-content-center style-271 style-local-198-c23 position-relative\"><!----><!----> <span>Mehr Info<\/span><\/a>\n                <\/span>\n              <\/div>\n            <\/div>\n          <\/div>\n        <\/div>\n      <\/div>\n      <div class=\"h-column h-column-container d-flex h-col-lg-auto h-col-md-auto h-col-auto style-353-outer style-local-198-c24-outer\">\n        <div data-colibri-id=\"198-c24\" class=\"d-flex h-flex-basis h-column__inner h-px-lg-2 h-px-md-2 h-px-2 v-inner-lg-2 v-inner-md-2 v-inner-2 style-353 style-local-198-c24 position-relative\">\n          <!---->\n          <!---->\n          <div class=\"w-100 h-y-container h-column__content h-column__v-align flex-basis-100 align-self-lg-start align-self-md-start align-self-start\">\n            <!---->\n            <div data-colibri-id=\"198-c25\" class=\"h-x-container style-270 style-local-198-c25 position-relative h-element\">\n              <!---->\n              <div class=\"h-x-container-inner style-dynamic-198-c25-group style-270-spacing style-local-198-c25-spacing\"><span class=\"h-button__outer style-271-outer style-local-198-c26-outer d-inline-flex h-element\"><a h-use-smooth-scroll=\"true\" href=\"https:\/\/www.auritus.de\/?page_id=2\"  data-colibri-id=\"198-c26\" class=\"d-flex w-100 align-items-center h-button justify-content-lg-center justify-content-md-center justify-content-center style-271 style-local-198-c26 position-relative\"><!----><!----> <span>Mehr Info<\/span><\/a>\n                <\/span>\n              <\/div>\n            <\/div>\n          <\/div>\n        <\/div>\n      <\/div>\n      <div class=\"h-column h-column-container d-flex h-col-lg-auto h-col-md-auto h-col-auto style-354-outer style-local-198-c27-outer\">\n        <div data-colibri-id=\"198-c27\" class=\"d-flex h-flex-basis h-column__inner h-px-lg-2 h-px-md-2 h-px-2 v-inner-lg-2 v-inner-md-2 v-inner-2 style-354 style-local-198-c27 position-relative\">\n          <!---->\n          <!---->\n          <div class=\"w-100 h-y-container h-column__content h-column__v-align flex-basis-100 align-self-lg-start align-self-md-start align-self-start\">\n            <!---->\n            <div data-colibri-id=\"198-c28\" class=\"h-x-container style-270 style-local-198-c28 position-relative h-element\">\n              <!---->\n              <div class=\"h-x-container-inner style-dynamic-198-c28-group style-270-spacing style-local-198-c28-spacing\"><span class=\"h-button__outer style-271-outer style-local-198-c29-outer d-inline-flex h-element\"><a h-use-smooth-scroll=\"true\" href=\"\"  data-colibri-id=\"198-c29\" class=\"d-flex w-100 align-items-center h-button justify-content-lg-center justify-content-md-center justify-content-center style-271 style-local-198-c29 position-relative\"><!----><!----> <span>Mehr Info<\/span><\/a>\n                <\/span>\n              <\/div>\n            <\/div>\n          <\/div>\n        <\/div>\n      <\/div>\n      <div class=\"h-column h-column-container d-flex h-col-lg-auto h-col-md-auto h-col-auto style-355-outer style-local-198-c30-outer\">\n        <div data-colibri-id=\"198-c30\" class=\"d-flex h-flex-basis h-column__inner h-px-lg-2 h-px-md-2 h-px-2 v-inner-lg-2 v-inner-md-2 v-inner-2 style-355 style-local-198-c30 position-relative\">\n          <!---->\n          <!---->\n          <div class=\"w-100 h-y-container h-column__content h-column__v-align flex-basis-100 align-self-lg-start align-self-md-start align-self-start\">\n            <!---->\n            <div data-colibri-id=\"198-c31\" class=\"h-x-container style-270 style-local-198-c31 position-relative h-element\">\n              <!---->\n              <div class=\"h-x-container-inner style-dynamic-198-c31-group style-270-spacing style-local-198-c31-spacing\"><span class=\"h-button__outer style-271-outer style-local-198-c32-outer d-inline-flex h-element\"><a h-use-smooth-scroll=\"true\" href=\"\"  data-colibri-id=\"198-c32\" class=\"d-flex w-100 align-items-center h-button justify-content-lg-center justify-content-md-center justify-content-center style-271 style-local-198-c32 position-relative\"><!----><!----> <span>Mehr Info<\/span><\/a>\n                <\/span>\n              <\/div>\n            <\/div>\n          <\/div>\n        <\/div>\n      <\/div>\n    <\/div>\n  <\/div>\n<\/div>\n<\/div>\n<\/div>","protected":false},"excerpt":{"rendered":"<p>Ein paar Dinge, die wir ganz prima k\u00f6nnen Hier sehen Sie einen kleinen \u00dcberblick unserer Leistungen. F\u00fcr weitere Informationen klicken Sie auf die Buttons oder rufen Sie uns einfach an. Wir kommen gerne bei Ihnen vorbei! Team Spirit &amp; Netzwerk Mit uns m\u00fcssen Sie nicht mehr alles alleine entscheiden. Wir helfen Ihnen und bringen Sie [&hellip;]<\/p>\n","protected":false},"author":1,"featured_media":0,"parent":0,"menu_order":0,"comment_status":"closed","ping_status":"closed","template":"page-templates\/full-width-page.php","meta":[],"_links":{"self":[{"href":"https:\/\/www.auritus.de\/index.php?rest_route=\/wp\/v2\/pages\/198"}],"collection":[{"href":"https:\/\/www.auritus.de\/index.php?rest_route=\/wp\/v2\/pages"}],"about":[{"href":"https:\/\/www.auritus.de\/index.php?rest_route=\/wp\/v2\/types\/page"}],"author":[{"embeddable":true,"href":"https:\/\/www.auritus.de\/index.php?rest_route=\/wp\/v2\/users\/1"}],"replies":[{"embeddable":true,"href":"https:\/\/www.auritus.de\/index.php?rest_route=%2Fwp%2Fv2%2Fcomments&post=198"}],"version-history":[{"count":20,"href":"https:\/\/www.auritus.de\/index.php?rest_route=\/wp\/v2\/pages\/198\/revisions"}],"predecessor-version":[{"id":954,"href":"https:\/\/www.auritus.de\/index.php?rest_route=\/wp\/v2\/pages\/198\/revisions\/954"}],"wp:attachment":[{"href":"https:\/\/www.auritus.de\/index.php?rest_route=%2Fwp%2Fv2%2Fmedia&parent=198"}],"curies":[{"name":"wp","href":"https:\/\/api.w.org\/{rel}","templated":true}]}}