{"id":2,"date":"2016-05-10T03:48:21","date_gmt":"2016-05-10T03:48:21","guid":{"rendered":"https:\/\/www.auritus.de\/?page_id=2"},"modified":"2022-01-27T09:49:32","modified_gmt":"2022-01-27T09:49:32","slug":"beratung-coaching","status":"publish","type":"page","link":"https:\/\/www.auritus.de\/?page_id=2","title":{"rendered":"Beratung &#038; Coaching"},"content":{"rendered":"<div data-colibri-id=\"2-c1\" class=\"style-307 style-local-2-c1 position-relative\">\n  <!---->\n  <div data-colibri-component=\"section\" data-colibri-id=\"2-c2\" id=\"initial-content\" class=\"h-section h-section-global-spacing d-flex align-items-lg-center align-items-md-center align-items-center style-308 style-local-2-c2 position-relative\">\n    <!---->\n    <!---->\n    <div class=\"h-section-grid-container h-section-boxed-container\">\n      <!---->\n      <div data-colibri-id=\"2-c3\" class=\"h-row-container gutters-row-lg-2 gutters-row-md-2 gutters-row-0 gutters-row-v-lg-2 gutters-row-v-md-2 gutters-row-v-2 style-343 style-local-2-c3 position-relative\">\n        <!---->\n        <div class=\"h-row justify-content-lg-center justify-content-md-center justify-content-center align-items-lg-stretch align-items-md-stretch align-items-stretch gutters-col-lg-2 gutters-col-md-2 gutters-col-0 gutters-col-v-lg-2 gutters-col-v-md-2 gutters-col-v-2\">\n          <!---->\n          <div class=\"h-column h-column-container d-flex h-col-lg-auto h-col-md-auto h-col-auto style-344-outer style-local-2-c4-outer\">\n            <div data-colibri-id=\"2-c4\" class=\"d-flex h-flex-basis h-column__inner h-px-lg-2 h-px-md-2 h-px-2 v-inner-lg-2 v-inner-md-2 v-inner-2 style-344 style-local-2-c4 position-relative\">\n              <!---->\n              <!---->\n              <div class=\"w-100 h-y-container h-column__content h-column__v-align flex-basis-100 align-self-lg-start align-self-md-start align-self-start\">\n                <!---->\n                <div data-colibri-id=\"2-c5\" class=\"h-global-transition-all h-heading style-347 style-local-2-c5 position-relative h-element\">\n                  <!---->\n                  <div class=\"h-heading__outer style-347 style-local-2-c5\">\n                    <!---->\n                    <!---->\n                    <h4 class=\"\">Haben Sie schon einmal F\u00f6rdergelder f\u00fcr Ihre Weiterentwicklung erhalten ?&nbsp;&nbsp;<\/h4>\n                  <\/div>\n                <\/div>\n                <div data-colibri-id=\"2-c28\" class=\"h-text h-text-component style-360 style-local-2-c28 position-relative h-element\">\n                  <!---->\n                  <!---->\n                  <div class=\"\">\n                    <p>Da wir alle Voraussetzungen f\u00fcr eine F\u00f6rderung erf\u00fcllen, erhalten viele unserer Kunden F\u00f6rdergelder f\u00fcr ihre Arbeit mit uns.&nbsp;<\/p>\n                  <\/div>\n                <\/div>\n              <\/div>\n            <\/div>\n          <\/div>\n          <div class=\"h-column h-column-container d-flex h-col-lg-auto h-col-md-auto h-col-auto style-345-outer style-local-2-c6-outer\">\n            <div data-colibri-id=\"2-c6\" class=\"d-flex h-flex-basis h-column__inner h-px-lg-0 h-px-md-0 h-px-0 v-inner-lg-0 v-inner-md-0 v-inner-0 style-345 style-local-2-c6 position-relative\">\n              <!---->\n              <!---->\n              <div class=\"w-100 h-y-container h-column__content h-column__v-align flex-basis-100 align-self-lg-start align-self-md-start align-self-start\">\n                <!---->\n                <div data-colibri-id=\"2-c7\" class=\"d-block style-350 style-local-2-c7 position-relative h-element\">\n                  <!---->\n                  <div class=\"h-image__frame-container-outer\">\n                    <div class=\"h-image__frame-container\">\n                      <!---->\n                      <!---->\n                      <img decoding=\"async\" loading=\"lazy\" width=\"509\" height=\"701\" src=\"https:\/\/www.auritus.de\/wp-content\/uploads\/2022\/01\/Schatztruhe.png\" class=\"wp-image-506 style-350-image style-local-2-c7-image\" srcset=\"https:\/\/www.auritus.de\/wp-content\/uploads\/2022\/01\/Schatztruhe.png 509w, https:\/\/www.auritus.de\/wp-content\/uploads\/2022\/01\/Schatztruhe-218x300.png 218w\" sizes=\"(max-width: 509px) 100vw, 509px\" alt=\"\" \/>\n                      <div class=\"h-image__frame h-hide-lg h-hide-md h-hide-sm style-350-frameImage style-local-2-c7-frameImage\"><\/div>\n                    <\/div>\n                  <\/div>\n                <\/div>\n              <\/div>\n            <\/div>\n          <\/div>\n        <\/div>\n      <\/div>\n      <div data-colibri-id=\"2-c8\" class=\"h-row-container gutters-row-lg-2 gutters-row-md-2 gutters-row-0 gutters-row-v-lg-2 gutters-row-v-md-2 gutters-row-v-2 style-309 style-local-2-c8 position-relative\">\n        <!---->\n        <div class=\"h-row justify-content-lg-center justify-content-md-center justify-content-center align-items-lg-stretch align-items-md-stretch align-items-stretch gutters-col-lg-2 gutters-col-md-2 gutters-col-0 gutters-col-v-lg-2 gutters-col-v-md-2 gutters-col-v-2\">\n          <!---->\n          <div class=\"h-column h-column-container d-flex h-col-lg-auto h-col-md-auto h-col-auto style-310-outer style-local-2-c9-outer\">\n            <div data-colibri-id=\"2-c9\" class=\"d-flex h-flex-basis h-column__inner h-px-lg-2 h-px-md-2 h-px-2 v-inner-lg-2 v-inner-md-2 v-inner-2 style-310 style-local-2-c9 position-relative\">\n              <!---->\n              <!---->\n              <div class=\"w-100 h-y-container h-column__content h-column__v-align flex-basis-100 align-self-lg-start align-self-md-start align-self-start\">\n                <!---->\n                <div data-colibri-id=\"2-c10\" class=\"h-icon style-314 style-local-2-c10 position-relative h-element\">\n                  <!----><span class=\"h-svg-icon h-icon__icon style-314-icon style-local-2-c10-icon\"><!--Icon by Font Awesome (https:\/\/fontawesome.com)--><svg version=\"1.1\" xmlns=\"http:\/\/www.w3.org\/2000\/svg\" xmlns:xlink=\"http:\/\/www.w3.org\/1999\/xlink\" id=\"bar-chart\" viewBox=\"0 0 2048 1896.0833\"><path d=\"M640 896v512H384V896h256zm384-512v1024H768V384h256zm1024 1152v128H0V128h128v1408h1920zm-640-896v768h-256V640h256zm384-384v1152h-256V256h256z\"><\/path><\/svg><\/span><\/div>\n                <div\n                  data-colibri-id=\"2-c11\" class=\"h-global-transition-all h-heading style-316 style-local-2-c11 position-relative h-element\">\n                  <!---->\n                  <div class=\"h-heading__outer style-316 style-local-2-c11\">\n                    <!---->\n                    <!---->\n                    <h1 class=\"\">Beratung f\u00fcr KMU<\/h1>\n                  <\/div>\n              <\/div>\n              <div data-colibri-id=\"2-c12\" class=\"h-text h-text-component style-315 style-local-2-c12 position-relative h-element\">\n                <!---->\n                <!---->\n                <div class=\"\">\n                  <p>Unser Herz schl\u00e4gt f\u00fcr kleinere und mittelst\u00e4ndische Unternehmen.\n                    <br>\n                    <br>Klassische Unternehmensberatung funktioniert dort meistens nicht.\n                    <br>Die gro\u00dfen Beratungsgesellschaften verstehen den Mittelstand nicht richtig und die Unternehmen kommen mit den Methoden der Berater kaum zurecht.&nbsp;\n                    <br>\n                    <br>Wir haben Methoden und Werkzeuge, die zu Ihnen passen. Garantiert.\n                    <br>Wir \u00fcbergeben Ihnen nicht einfach einen Ordner mit Ergebnissen und lassen Sie damit im Dunkeln stehen. Wir packen auch mit an und helfen Ihnen bei der erfolgreichen Umsetzung.&nbsp;\n                    <br>\n                    <br>Unsere Berater(innen) sind erfahrene Praktiker, meist mit jahrelanger F\u00fchrungserfahrung, einem breiten Wissensschatz und h\u00e4ufig mit akademischen Titeln. Dennoch sind wir bodenst\u00e4ndig und realistisch.\n                    <br>\n                    <br>Wir k\u00fcmmern uns nicht nur um das Unternehmen und die Zahlen.\n                    <br>Wir k\u00fcmmern uns auch um den Unternehmer und die Unternehmerin.\n                    <br>\n                    <br>Sie hatten schon einmal Berater im Haus und waren unzufrieden?\n                    <br>Vergessen Sie das einfach. Wir k\u00f6nnen das besser!<\/p>\n                <\/div>\n              <\/div>\n            <\/div>\n          <\/div>\n        <\/div>\n        <div class=\"h-column h-column-container d-flex h-col-lg-auto h-col-md-auto h-col-auto style-312-outer style-local-2-c13-outer\">\n          <div data-colibri-id=\"2-c13\" class=\"d-flex h-flex-basis h-column__inner h-px-lg-2 h-px-md-2 h-px-2 v-inner-lg-2 v-inner-md-2 v-inner-2 style-312 style-local-2-c13 position-relative\">\n            <!---->\n            <!---->\n            <div class=\"w-100 h-y-container h-column__content h-column__v-align flex-basis-100 align-self-lg-start align-self-md-start align-self-start\">\n              <!---->\n              <div data-colibri-id=\"2-c14\" class=\"h-icon style-318 style-local-2-c14 position-relative h-element\">\n                <!----><span class=\"h-svg-icon h-icon__icon style-318-icon style-local-2-c14-icon\"><!--Icon by Font Awesome (https:\/\/fontawesome.com)--><svg version=\"1.1\" xmlns=\"http:\/\/www.w3.org\/2000\/svg\" xmlns:xlink=\"http:\/\/www.w3.org\/1999\/xlink\" id=\"hand-peace-o\" viewBox=\"0 0 1536 1896.0833\"><path d=\"M1288 647q60 0 107 23 141 63 141 226v177q0 94-23 186l-85 339q-21 86-90.5 140t-157.5 54H512q-106 0-181-75t-75-181v-401L17 507Q0 462 0 416q0-106 75-181t181-75q80 0 145.5 45.5T495 325l17 44V256q0-106 75-181T768 0t181 75 75 181v261q27-5 48-5 69 0 127.5 36.5T1288 647zm-216-7q-33 0-60.5 18T970 706l-74 163-71 155h55q50 0 90 31.5t50 80.5l154-338q10-20 10-46 0-46-33-79t-79-33zm221 135q-22 0-40.5 8t-29 16-23.5 29.5-17 30.5-17 37l-132 290q-10 20-10 46 0 46 33 79t79 33q33 0 60.5-18t41.5-48l160-352q9-18 9-38 0-50-32-81.5t-82-31.5zM128 416q0 22 8 46l248 650v69l102-111q43-46 106-46h198l106-233V256q0-53-37.5-90.5T768 128t-90.5 37.5T640 256v640h-64L376 370q-14-37-47-59.5T256 288q-53 0-90.5 37.5T128 416zm1052 1248q44 0 78.5-27t45.5-70l85-339q19-73 19-155v-91l-141 310q-17 38-53 61t-78 23q-53 0-93.5-34.5T994 1255q-44 57-114 57H672v-32h208q46 0 81-33t35-79-31-79-77-33H592q-49 0-82 36l-126 136v308q0 53 37.5 90.5T512 1664h668z\"><\/path><\/svg><\/span><\/div>\n              <div\n                data-colibri-id=\"2-c15\" class=\"h-global-transition-all h-heading style-319 style-local-2-c15 position-relative h-element\">\n                <!---->\n                <div class=\"h-heading__outer style-319 style-local-2-c15\">\n                  <!---->\n                  <!---->\n                  <h1 class=\"\">Individuelles Coaching<\/h1>\n                <\/div>\n            <\/div>\n            <div data-colibri-id=\"2-c16\" class=\"h-text h-text-component style-320 style-local-2-c16 position-relative h-element\">\n              <!---->\n              <!---->\n              <div class=\"\">\n                <p>Coaching und Beratung sind nicht das Selbe.\n                  <br>\n                  <br>Auch wenn viele das denken und die Unterschiede nicht kennen.\n                  <br>Wir kennen die Unterschiede. Wir k\u00f6nnen Ihnen auch sagen, in welcher Situation ein Coaching besser ist und wann eine Beratung besser passt.&nbsp;&nbsp;Sprechen Sie einfach mit uns.\n                  <br>\n                  <br>Viele Berater glauben, sie k\u00f6nnten Coaching anbieten. Die meisten k\u00f6nnen das aber nicht.&nbsp;Unsere Coaches sind hingegen speziell f\u00fcr das Coaching ausgebildet und trainiert. Wir bieten Coaching nicht an, weil es in Mode ist. Wir bieten\n                  Coaching an, weil wir davon \u00fcberzeugt sind und es k\u00f6nnen.\n                  <br>\n                  <br>Wir versetzen uns in Ihre Lage und helfen Ihnen, Ihre verborgenen Sch\u00e4tze zu finden und zu heben.&nbsp; Sch\u00f6pfen Sie Ihre Potenziale aus und auch die Ihrer wichtigsten Mitarbeiter(innen).\n                  <br>\n                  <br>Wo eine Mischform zwischen Coaching und Beratung sich anbietet, k\u00f6nnen wir mit sehr praxiserfahren Beratern mit Ausbildung und Erfahrung im Coaching aufwarten. Diese Kombination ist einmalig!\n                  <br>\n                  <br>\n                  <br>\n                <\/p>\n              <\/div>\n            <\/div>\n          <\/div>\n        <\/div>\n      <\/div>\n    <\/div>\n  <\/div>\n  <div data-colibri-id=\"2-c17\" class=\"h-row-container gutters-row-lg-1 gutters-row-md-1 gutters-row-0 gutters-row-v-lg-1 gutters-row-v-md-1 gutters-row-v-1 style-323 style-local-2-c17 position-relative\">\n    <!---->\n    <div class=\"h-row justify-content-lg-center justify-content-md-center justify-content-center align-items-lg-stretch align-items-md-stretch align-items-stretch gutters-col-lg-1 gutters-col-md-1 gutters-col-0 gutters-col-v-lg-1 gutters-col-v-md-1 gutters-col-v-1\">\n      <!---->\n      <div class=\"h-column h-column-container d-flex h-col-lg-2 h-col-md-2 h-col-12 style-324-outer style-local-2-c18-outer\">\n        <div data-colibri-id=\"2-c18\" class=\"d-flex h-flex-basis h-column__inner h-ui-empty-state-container h-px-lg-0 h-px-md-0 h-px-0 v-inner-lg-0 v-inner-md-0 v-inner-0 style-324 style-local-2-c18 position-relative\">\n          <!---->\n          <!---->\n          <div class=\"w-100 h-y-container h-column__content h-column__v-align flex-basis-100\">\n            <!---->\n          <\/div>\n        <\/div>\n      <\/div>\n      <div class=\"h-column h-column-container d-flex h-col-lg-2 h-col-md-2 h-col-12 style-325-outer style-local-2-c19-outer\">\n        <div data-colibri-id=\"2-c19\" class=\"d-flex h-flex-basis h-column__inner h-px-lg-0 h-px-md-0 h-px-0 v-inner-lg-0 v-inner-md-0 v-inner-0 style-325 style-local-2-c19 position-relative\">\n          <!---->\n          <!---->\n          <div class=\"w-100 h-y-container h-column__content h-column__v-align flex-basis-100 align-self-lg-center align-self-md-center align-self-center\">\n            <!---->\n            <div data-colibri-id=\"2-c20\" class=\"h-x-container style-336 style-local-2-c20 position-relative h-element\">\n              <!---->\n              <div class=\"h-x-container-inner style-dynamic-2-c20-group style-336-spacing style-local-2-c20-spacing\"><span class=\"h-button__outer style-337-outer style-local-2-c21-outer d-inline-flex h-element\"><a h-use-smooth-scroll=\"true\" href=\"\"  data-colibri-id=\"2-c21\" class=\"d-flex w-100 align-items-center h-button justify-content-lg-center justify-content-md-center justify-content-center style-337 style-local-2-c21 position-relative\"><!----><!----> <span>Weiterlesen<\/span><\/a>\n                <\/span>\n              <\/div>\n            <\/div>\n          <\/div>\n        <\/div>\n      <\/div>\n      <div class=\"h-column h-column-container d-flex h-col-lg-2 h-col-md-2 h-col-12 style-332-outer style-local-2-c22-outer\">\n        <div data-colibri-id=\"2-c22\" class=\"d-flex h-flex-basis h-column__inner h-ui-empty-state-container h-px-lg-1 h-px-md-1 h-px-1 v-inner-lg-1 v-inner-md-1 v-inner-1 style-332 style-local-2-c22 position-relative\">\n          <!---->\n          <!---->\n          <div class=\"w-100 h-y-container h-column__content h-column__v-align flex-basis-100\">\n            <!---->\n          <\/div>\n        <\/div>\n      <\/div>\n      <div class=\"h-column h-column-container d-flex h-col-lg-2 h-col-md-2 h-col-12 style-333-outer style-local-2-c23-outer\">\n        <div data-colibri-id=\"2-c23\" class=\"d-flex h-flex-basis h-column__inner h-ui-empty-state-container h-px-lg-1 h-px-md-1 h-px-1 v-inner-lg-1 v-inner-md-1 v-inner-1 style-333 style-local-2-c23 position-relative\">\n          <!---->\n          <!---->\n          <div class=\"w-100 h-y-container h-column__content h-column__v-align flex-basis-100\">\n            <!---->\n          <\/div>\n        <\/div>\n      <\/div>\n      <div class=\"h-column h-column-container d-flex h-col-lg-2 h-col-md-2 h-col-12 style-334-outer style-local-2-c24-outer\">\n        <div data-colibri-id=\"2-c24\" class=\"d-flex h-flex-basis h-column__inner h-px-lg-1 h-px-md-1 h-px-1 v-inner-lg-1 v-inner-md-1 v-inner-1 style-334 style-local-2-c24 position-relative\">\n          <!---->\n          <!---->\n          <div class=\"w-100 h-y-container h-column__content h-column__v-align flex-basis-100 align-self-lg-start align-self-md-start align-self-start\">\n            <!---->\n            <div data-colibri-id=\"2-c25\" class=\"h-x-container style-338 style-local-2-c25 position-relative h-element\">\n              <!---->\n              <div class=\"h-x-container-inner style-dynamic-2-c25-group style-338-spacing style-local-2-c25-spacing\"><span class=\"h-button__outer style-339-outer style-local-2-c26-outer d-inline-flex h-element\"><a h-use-smooth-scroll=\"true\" href=\"\"  data-colibri-id=\"2-c26\" class=\"d-flex w-100 align-items-center h-button justify-content-lg-center justify-content-md-center justify-content-center style-339 style-local-2-c26 position-relative\"><!----><!----> <span>Weiterlesen<\/span><\/a>\n                <\/span>\n              <\/div>\n            <\/div>\n          <\/div>\n        <\/div>\n      <\/div>\n      <div class=\"h-column h-column-container d-flex h-col-lg-2 h-col-md-2 h-col-12 style-335-outer style-local-2-c27-outer\">\n        <div data-colibri-id=\"2-c27\" class=\"d-flex h-flex-basis h-column__inner h-ui-empty-state-container h-px-lg-1 h-px-md-1 h-px-1 v-inner-lg-1 v-inner-md-1 v-inner-1 style-335 style-local-2-c27 position-relative\">\n          <!---->\n          <!---->\n          <div class=\"w-100 h-y-container h-column__content h-column__v-align flex-basis-100\">\n            <!---->\n          <\/div>\n        <\/div>\n      <\/div>\n    <\/div>\n  <\/div>\n<\/div>\n<\/div>\n<\/div>","protected":false},"excerpt":{"rendered":"<p>Haben Sie schon einmal F\u00f6rdergelder f\u00fcr Ihre Weiterentwicklung erhalten ?&nbsp;&nbsp; Da wir alle Voraussetzungen f\u00fcr eine F\u00f6rderung erf\u00fcllen, erhalten viele unserer Kunden F\u00f6rdergelder f\u00fcr ihre Arbeit mit uns.&nbsp; Beratung f\u00fcr KMU Unser Herz schl\u00e4gt f\u00fcr kleinere und mittelst\u00e4ndische Unternehmen. Klassische Unternehmensberatung funktioniert dort meistens nicht. Die gro\u00dfen Beratungsgesellschaften verstehen den Mittelstand nicht richtig und die [&hellip;]<\/p>\n","protected":false},"author":1,"featured_media":0,"parent":198,"menu_order":0,"comment_status":"closed","ping_status":"closed","template":"page-templates\/full-width-page.php","meta":[],"_links":{"self":[{"href":"https:\/\/www.auritus.de\/index.php?rest_route=\/wp\/v2\/pages\/2"}],"collection":[{"href":"https:\/\/www.auritus.de\/index.php?rest_route=\/wp\/v2\/pages"}],"about":[{"href":"https:\/\/www.auritus.de\/index.php?rest_route=\/wp\/v2\/types\/page"}],"author":[{"embeddable":true,"href":"https:\/\/www.auritus.de\/index.php?rest_route=\/wp\/v2\/users\/1"}],"replies":[{"embeddable":true,"href":"https:\/\/www.auritus.de\/index.php?rest_route=%2Fwp%2Fv2%2Fcomments&post=2"}],"version-history":[{"count":20,"href":"https:\/\/www.auritus.de\/index.php?rest_route=\/wp\/v2\/pages\/2\/revisions"}],"predecessor-version":[{"id":712,"href":"https:\/\/www.auritus.de\/index.php?rest_route=\/wp\/v2\/pages\/2\/revisions\/712"}],"up":[{"embeddable":true,"href":"https:\/\/www.auritus.de\/index.php?rest_route=\/wp\/v2\/pages\/198"}],"wp:attachment":[{"href":"https:\/\/www.auritus.de\/index.php?rest_route=%2Fwp%2Fv2%2Fmedia&parent=2"}],"curies":[{"name":"wp","href":"https:\/\/api.w.org\/{rel}","templated":true}]}}